{"id":1469,"date":"2017-03-21T19:38:16","date_gmt":"2017-03-21T19:38:16","guid":{"rendered":"http:\/\/www.mollieecheverria.com\/?page_id=1469"},"modified":"2020-04-24T21:14:41","modified_gmt":"2020-04-24T21:14:41","slug":"online-catalogue-raisonnes","status":"publish","type":"page","link":"https:\/\/www.mollieecheverria.com\/?page_id=1469","title":{"rendered":"The Online Catalogue Raisonn\u00e9: Challenges of an Emerging Format"},"content":{"rendered":"<h4>Project Title:<\/h4>\n<p>The Online Catalogue Raisonn\u00e9: Challenges of an Emerging Format<\/p>\n<h4>Course:<\/h4>\n<p>LIS-667 &#8211; Art Librarianship, Fall 2016, Pratt Institute<\/p>\n<h4>Project Description:<\/h4>\n<p>For my final project for LIS 667-01: Art Librarianship, I researched the shifting trend in the art world over the past two decades towards publishing artist catalogue raisonn\u00e9s in an online format. A <a href=\"https:\/\/en.wikipedia.org\/wiki\/Catalogue_raisonn%C3%A9\">catalogue raisonn\u00e9<\/a> is a definitive listing of of all known works by a particular artist. This paper gives an overview of how the online catalogue raisonn\u00e9 evolved as an alternative to publishing these works in print, and looks at some of the challenges that artist foundations, museums, and other institutions face when embarking on a catalogue raisonn\u00e9 project. It also looks at some popular software platforms for catalogue raisonn\u00e9 publication, and discusses possible future directions for the online catalogue raisonn\u00e9, such as the integration of linked data.<\/p>\n<h4>Project Documentation:<\/h4>\n<p><a href=\"https:\/\/www.mollieecheverria.com\/wp-content\/uploads\/2017\/03\/Echeverria_Mollie_LIS-667-Final_Project.pdf\">Download Paper<\/a><\/p>\n<h4>Methods:<\/h4>\n<p>I used a variety of sources for my research, including scholarly articles, popular art magazines, bibliographic dictionaries, and conference presentations.<\/p>\n<h4>My Role:<\/h4>\n<p>I am the sole author of this paper.<\/p>\n<h4>Learning Objective Achieved:<\/h4>\n<p>Research<\/p>\n<h4>Rationale:<\/h4>\n<p>This paper collects textual information from a variety of sources as evidence to explain why the shift towards publishing catalogue raisonn\u00e9s online has been a boon to art historical research, and to demonstrate how the adoption of publication methods such as the incorporation of linked data could further improve the usability of online catalogue raisonn\u00e9s in the future. This evidence is bolstered by the inclusion of extensive textual citations.<\/p>\n<h4>Additional Learning Objective Achieved:<\/h4>\n<p>Reflective Practice<\/p>\n<h4>Rationale:<\/h4>\n<p>This paper examines a major shift in trends in the world of art librarianship and art publications. Catalogue raisonn\u00e9s are one of the most important resources available for art historical research, and this paper highlights how publishing catalogue raisonn\u00e9s online can make them richer and more accessible for both scholarly users and the general public.<\/p>\n<p>In addition to examining trends in the field at large, my choice of catalogue raisonn\u00e9s as a research subject was also informed by my own past involvement in digitization work as part of the creation of <a href=\"http:\/\/www.philipguston.org\/\">an online catalogue raisonn\u00e9 of the work of Philip Guston<\/a>, as well as a <a href=\"http:\/\/www.worldcat.org\/title\/philip-guston-prints-catalogue-raisonne\/oclc\/907669451\">traditionally published catalogue raisonn\u00e9 of Guston&#8217;s prints<\/a>.<\/p>\n","protected":false},"excerpt":{"rendered":"<p>Project Title: The Online Catalogue Raisonn\u00e9: Challenges of an Emerging Format Course: LIS-667 &#8211; Art Librarianship, Fall 2016, Pratt Institute Project Description: For my final project for LIS 667-01: Art Librarianship, I researched the shifting trend in the art world over the past two decades towards publishing artist catalogue raisonn\u00e9s in an online format. A [&hellip;]<\/p>\n","protected":false},"author":1,"featured_media":1499,"parent":1603,"menu_order":0,"comment_status":"closed","ping_status":"closed","template":"","meta":{"ngg_post_thumbnail":0,"footnotes":""},"class_list":["post-1469","page","type-page","status-publish","has-post-thumbnail","hentry"],"yoast_head":"<!-- This site is optimized with the Yoast SEO plugin v27.5 - https:\/\/yoast.com\/product\/yoast-seo-wordpress\/ -->\n<title>The Online Catalogue Raisonn\u00e9: Challenges of an Emerging Format &#8211; Mollie Echeverr\u00eda<\/title>\n<meta name=\"robots\" content=\"index, follow, max-snippet:-1, max-image-preview:large, max-video-preview:-1\" \/>\n<link rel=\"canonical\" href=\"https:\/\/www.mollieecheverria.com\/?page_id=1469\" \/>\n<meta name=\"twitter:label1\" content=\"Est. reading time\" \/>\n\t<meta name=\"twitter:data1\" content=\"2 minutes\" \/>\n<script type=\"application\/ld+json\" class=\"yoast-schema-graph\">{\"@context\":\"https:\\\/\\\/schema.org\",\"@graph\":[{\"@type\":\"WebPage\",\"@id\":\"https:\\\/\\\/www.mollieecheverria.com\\\/?page_id=1469\",\"url\":\"https:\\\/\\\/www.mollieecheverria.com\\\/?page_id=1469\",\"name\":\"The Online Catalogue Raisonn\u00e9: Challenges of an Emerging Format &#8211; Mollie Echeverr\u00eda\",\"isPartOf\":{\"@id\":\"https:\\\/\\\/www.mollieecheverria.com\\\/#website\"},\"primaryImageOfPage\":{\"@id\":\"https:\\\/\\\/www.mollieecheverria.com\\\/?page_id=1469#primaryimage\"},\"image\":{\"@id\":\"https:\\\/\\\/www.mollieecheverria.com\\\/?page_id=1469#primaryimage\"},\"thumbnailUrl\":\"https:\\\/\\\/www.mollieecheverria.com\\\/wp-content\\\/uploads\\\/2017\\\/03\\\/noguchi_cr.jpg\",\"datePublished\":\"2017-03-21T19:38:16+00:00\",\"dateModified\":\"2020-04-24T21:14:41+00:00\",\"breadcrumb\":{\"@id\":\"https:\\\/\\\/www.mollieecheverria.com\\\/?page_id=1469#breadcrumb\"},\"inLanguage\":\"en-US\",\"potentialAction\":[{\"@type\":\"ReadAction\",\"target\":[\"https:\\\/\\\/www.mollieecheverria.com\\\/?page_id=1469\"]}]},{\"@type\":\"ImageObject\",\"inLanguage\":\"en-US\",\"@id\":\"https:\\\/\\\/www.mollieecheverria.com\\\/?page_id=1469#primaryimage\",\"url\":\"https:\\\/\\\/www.mollieecheverria.com\\\/wp-content\\\/uploads\\\/2017\\\/03\\\/noguchi_cr.jpg\",\"contentUrl\":\"https:\\\/\\\/www.mollieecheverria.com\\\/wp-content\\\/uploads\\\/2017\\\/03\\\/noguchi_cr.jpg\",\"width\":2036,\"height\":1321,\"caption\":\"Screenshot of the Isamu Noguchi Catalogue Raisonn\u00e9\"},{\"@type\":\"BreadcrumbList\",\"@id\":\"https:\\\/\\\/www.mollieecheverria.com\\\/?page_id=1469#breadcrumb\",\"itemListElement\":[{\"@type\":\"ListItem\",\"position\":1,\"name\":\"Projects\",\"item\":\"https:\\\/\\\/www.mollieecheverria.com\\\/?page_id=1603\"},{\"@type\":\"ListItem\",\"position\":2,\"name\":\"The Online Catalogue Raisonn\u00e9: Challenges of an Emerging Format\"}]},{\"@type\":\"WebSite\",\"@id\":\"https:\\\/\\\/www.mollieecheverria.com\\\/#website\",\"url\":\"https:\\\/\\\/www.mollieecheverria.com\\\/\",\"name\":\"Mollie Echeverr\u00eda\",\"description\":\"\",\"potentialAction\":[{\"@type\":\"SearchAction\",\"target\":{\"@type\":\"EntryPoint\",\"urlTemplate\":\"https:\\\/\\\/www.mollieecheverria.com\\\/?s={search_term_string}\"},\"query-input\":{\"@type\":\"PropertyValueSpecification\",\"valueRequired\":true,\"valueName\":\"search_term_string\"}}],\"inLanguage\":\"en-US\"}]}<\/script>\n<!-- \/ Yoast SEO plugin. -->","yoast_head_json":{"title":"The Online Catalogue Raisonn\u00e9: Challenges of an Emerging Format &#8211; Mollie Echeverr\u00eda","robots":{"index":"index","follow":"follow","max-snippet":"max-snippet:-1","max-image-preview":"max-image-preview:large","max-video-preview":"max-video-preview:-1"},"canonical":"https:\/\/www.mollieecheverria.com\/?page_id=1469","twitter_misc":{"Est. reading time":"2 minutes"},"schema":{"@context":"https:\/\/schema.org","@graph":[{"@type":"WebPage","@id":"https:\/\/www.mollieecheverria.com\/?page_id=1469","url":"https:\/\/www.mollieecheverria.com\/?page_id=1469","name":"The Online Catalogue Raisonn\u00e9: Challenges of an Emerging Format &#8211; Mollie Echeverr\u00eda","isPartOf":{"@id":"https:\/\/www.mollieecheverria.com\/#website"},"primaryImageOfPage":{"@id":"https:\/\/www.mollieecheverria.com\/?page_id=1469#primaryimage"},"image":{"@id":"https:\/\/www.mollieecheverria.com\/?page_id=1469#primaryimage"},"thumbnailUrl":"https:\/\/www.mollieecheverria.com\/wp-content\/uploads\/2017\/03\/noguchi_cr.jpg","datePublished":"2017-03-21T19:38:16+00:00","dateModified":"2020-04-24T21:14:41+00:00","breadcrumb":{"@id":"https:\/\/www.mollieecheverria.com\/?page_id=1469#breadcrumb"},"inLanguage":"en-US","potentialAction":[{"@type":"ReadAction","target":["https:\/\/www.mollieecheverria.com\/?page_id=1469"]}]},{"@type":"ImageObject","inLanguage":"en-US","@id":"https:\/\/www.mollieecheverria.com\/?page_id=1469#primaryimage","url":"https:\/\/www.mollieecheverria.com\/wp-content\/uploads\/2017\/03\/noguchi_cr.jpg","contentUrl":"https:\/\/www.mollieecheverria.com\/wp-content\/uploads\/2017\/03\/noguchi_cr.jpg","width":2036,"height":1321,"caption":"Screenshot of the Isamu Noguchi Catalogue Raisonn\u00e9"},{"@type":"BreadcrumbList","@id":"https:\/\/www.mollieecheverria.com\/?page_id=1469#breadcrumb","itemListElement":[{"@type":"ListItem","position":1,"name":"Projects","item":"https:\/\/www.mollieecheverria.com\/?page_id=1603"},{"@type":"ListItem","position":2,"name":"The Online Catalogue Raisonn\u00e9: Challenges of an Emerging Format"}]},{"@type":"WebSite","@id":"https:\/\/www.mollieecheverria.com\/#website","url":"https:\/\/www.mollieecheverria.com\/","name":"Mollie Echeverr\u00eda","description":"","potentialAction":[{"@type":"SearchAction","target":{"@type":"EntryPoint","urlTemplate":"https:\/\/www.mollieecheverria.com\/?s={search_term_string}"},"query-input":{"@type":"PropertyValueSpecification","valueRequired":true,"valueName":"search_term_string"}}],"inLanguage":"en-US"}]}},"_links":{"self":[{"href":"https:\/\/www.mollieecheverria.com\/index.php?rest_route=\/wp\/v2\/pages\/1469","targetHints":{"allow":["GET"]}}],"collection":[{"href":"https:\/\/www.mollieecheverria.com\/index.php?rest_route=\/wp\/v2\/pages"}],"about":[{"href":"https:\/\/www.mollieecheverria.com\/index.php?rest_route=\/wp\/v2\/types\/page"}],"author":[{"embeddable":true,"href":"https:\/\/www.mollieecheverria.com\/index.php?rest_route=\/wp\/v2\/users\/1"}],"replies":[{"embeddable":true,"href":"https:\/\/www.mollieecheverria.com\/index.php?rest_route=%2Fwp%2Fv2%2Fcomments&post=1469"}],"version-history":[{"count":21,"href":"https:\/\/www.mollieecheverria.com\/index.php?rest_route=\/wp\/v2\/pages\/1469\/revisions"}],"predecessor-version":[{"id":1997,"href":"https:\/\/www.mollieecheverria.com\/index.php?rest_route=\/wp\/v2\/pages\/1469\/revisions\/1997"}],"up":[{"embeddable":true,"href":"https:\/\/www.mollieecheverria.com\/index.php?rest_route=\/wp\/v2\/pages\/1603"}],"wp:featuredmedia":[{"embeddable":true,"href":"https:\/\/www.mollieecheverria.com\/index.php?rest_route=\/wp\/v2\/media\/1499"}],"wp:attachment":[{"href":"https:\/\/www.mollieecheverria.com\/index.php?rest_route=%2Fwp%2Fv2%2Fmedia&parent=1469"}],"curies":[{"name":"wp","href":"https:\/\/api.w.org\/{rel}","templated":true}]}}